{"id":14,"date":"2014-12-13T17:45:38","date_gmt":"2014-12-13T15:45:38","guid":{"rendered":"http:\/\/work.coniunctis.de\/feichtner\/?page_id=14"},"modified":"2021-12-30T20:24:44","modified_gmt":"2021-12-30T19:24:44","slug":"leistungen","status":"publish","type":"page","link":"http:\/\/reitstall-feichtner.de\/?page_id=14","title":{"rendered":"Unsere Anlage"},"content":{"rendered":"<h2>Trainingsm\u00f6glichkeiten<\/h2>\n\n\t\t<style type=\"text\/css\">\n\t\t\t#gallery-1 {\n\t\t\t\tmargin: auto;\n\t\t\t}\n\t\t\t#gallery-1 .gallery-item {\n\t\t\t\tfloat: left;\n\t\t\t\tmargin-top: 10px;\n\t\t\t\ttext-align: center;\n\t\t\t\twidth: 33%;\n\t\t\t}\n\t\t\t#gallery-1 img {\n\t\t\t\tborder: 2px solid #cfcfcf;\n\t\t\t}\n\t\t\t#gallery-1 .gallery-caption {\n\t\t\t\tmargin-left: 0;\n\t\t\t}\n\t\t\t\/* see gallery_shortcode() in wp-includes\/media.php *\/\n\t\t<\/style>\n\t\t<div id='gallery-1' class='gallery galleryid-14 gallery-columns-3 gallery-size-medium'><dl class='gallery-item'>\n\t\t\t<dt class='gallery-icon landscape'>\n\t\t\t\t<a href='http:\/\/reitstall-feichtner.de\/wp-content\/uploads\/2015\/01\/feichtner-41.jpg'><img loading=\"lazy\" decoding=\"async\" width=\"300\" height=\"300\" src=\"http:\/\/reitstall-feichtner.de\/wp-content\/uploads\/2015\/01\/feichtner-41-300x300.jpg\" class=\"attachment-medium size-medium\" alt=\"\" srcset=\"http:\/\/reitstall-feichtner.de\/wp-content\/uploads\/2015\/01\/feichtner-41-300x300.jpg 300w, http:\/\/reitstall-feichtner.de\/wp-content\/uploads\/2015\/01\/feichtner-41-150x150.jpg 150w\" sizes=\"auto, (max-width: 300px) 100vw, 300px\" \/><\/a>\n\t\t\t<\/dt><\/dl><dl class='gallery-item'>\n\t\t\t<dt class='gallery-icon landscape'>\n\t\t\t\t<a href='http:\/\/reitstall-feichtner.de\/wp-content\/uploads\/2015\/01\/feichtner-30.jpg'><img loading=\"lazy\" decoding=\"async\" width=\"300\" height=\"300\" src=\"http:\/\/reitstall-feichtner.de\/wp-content\/uploads\/2015\/01\/feichtner-30-300x300.jpg\" class=\"attachment-medium size-medium\" alt=\"\" srcset=\"http:\/\/reitstall-feichtner.de\/wp-content\/uploads\/2015\/01\/feichtner-30-300x300.jpg 300w, http:\/\/reitstall-feichtner.de\/wp-content\/uploads\/2015\/01\/feichtner-30-150x150.jpg 150w\" sizes=\"auto, (max-width: 300px) 100vw, 300px\" \/><\/a>\n\t\t\t<\/dt><\/dl><dl class='gallery-item'>\n\t\t\t<dt class='gallery-icon landscape'>\n\t\t\t\t<a href='http:\/\/reitstall-feichtner.de\/wp-content\/uploads\/2021\/12\/4d1d479a-1e0c-4184-80c1-0fbb7ef5e4a7-2.jpeg'><img loading=\"lazy\" decoding=\"async\" width=\"300\" height=\"300\" src=\"http:\/\/reitstall-feichtner.de\/wp-content\/uploads\/2021\/12\/4d1d479a-1e0c-4184-80c1-0fbb7ef5e4a7-2-300x300.jpeg\" class=\"attachment-medium size-medium\" alt=\"\" srcset=\"http:\/\/reitstall-feichtner.de\/wp-content\/uploads\/2021\/12\/4d1d479a-1e0c-4184-80c1-0fbb7ef5e4a7-2-300x300.jpeg 300w, http:\/\/reitstall-feichtner.de\/wp-content\/uploads\/2021\/12\/4d1d479a-1e0c-4184-80c1-0fbb7ef5e4a7-2-150x150.jpeg 150w\" sizes=\"auto, (max-width: 300px) 100vw, 300px\" \/><\/a>\n\t\t\t<\/dt><\/dl><br style=\"clear: both\" \/>\n\t\t<\/div>\n\n<ul>\n<li>Reithalle, Gr\u00f6\u00dfe: 20 x 60 Meter<\/li>\n<li>Gro\u00dfer Au\u00dfenplatz, Gr\u00f6\u00dfe: ca. 58 x 45 Meter<\/li>\n<li>Longierhalle mit 20 Meter Durchmesser<\/li>\n<li>Laufband<\/li>\n<li>Gute Ausreitm\u00f6glichkeiten im nahegelegenen Wald<\/li>\n<li>Sommerkoppeln &amp; Paddocks<\/li>\n<\/ul>\n<h2>Stallungen<\/h2>\n\n\t\t<style type=\"text\/css\">\n\t\t\t#gallery-2 {\n\t\t\t\tmargin: auto;\n\t\t\t}\n\t\t\t#gallery-2 .gallery-item {\n\t\t\t\tfloat: left;\n\t\t\t\tmargin-top: 10px;\n\t\t\t\ttext-align: center;\n\t\t\t\twidth: 33%;\n\t\t\t}\n\t\t\t#gallery-2 img {\n\t\t\t\tborder: 2px solid #cfcfcf;\n\t\t\t}\n\t\t\t#gallery-2 .gallery-caption {\n\t\t\t\tmargin-left: 0;\n\t\t\t}\n\t\t\t\/* see gallery_shortcode() in wp-includes\/media.php *\/\n\t\t<\/style>\n\t\t<div id='gallery-2' class='gallery galleryid-14 gallery-columns-3 gallery-size-medium'><dl class='gallery-item'>\n\t\t\t<dt class='gallery-icon landscape'>\n\t\t\t\t<a href='http:\/\/reitstall-feichtner.de\/wp-content\/uploads\/2015\/01\/feichtner-15.jpg'><img loading=\"lazy\" decoding=\"async\" width=\"300\" height=\"300\" src=\"http:\/\/reitstall-feichtner.de\/wp-content\/uploads\/2015\/01\/feichtner-15-300x300.jpg\" class=\"attachment-medium size-medium\" alt=\"\" srcset=\"http:\/\/reitstall-feichtner.de\/wp-content\/uploads\/2015\/01\/feichtner-15-300x300.jpg 300w, http:\/\/reitstall-feichtner.de\/wp-content\/uploads\/2015\/01\/feichtner-15-150x150.jpg 150w\" sizes=\"auto, (max-width: 300px) 100vw, 300px\" \/><\/a>\n\t\t\t<\/dt><\/dl><dl class='gallery-item'>\n\t\t\t<dt class='gallery-icon landscape'>\n\t\t\t\t<a href='http:\/\/reitstall-feichtner.de\/wp-content\/uploads\/2015\/01\/feichtner-19.jpg'><img loading=\"lazy\" decoding=\"async\" width=\"300\" height=\"300\" src=\"http:\/\/reitstall-feichtner.de\/wp-content\/uploads\/2015\/01\/feichtner-19-300x300.jpg\" class=\"attachment-medium size-medium\" alt=\"\" srcset=\"http:\/\/reitstall-feichtner.de\/wp-content\/uploads\/2015\/01\/feichtner-19-300x300.jpg 300w, http:\/\/reitstall-feichtner.de\/wp-content\/uploads\/2015\/01\/feichtner-19-150x150.jpg 150w\" sizes=\"auto, (max-width: 300px) 100vw, 300px\" \/><\/a>\n\t\t\t<\/dt><\/dl><dl class='gallery-item'>\n\t\t\t<dt class='gallery-icon landscape'>\n\t\t\t\t<a href='http:\/\/reitstall-feichtner.de\/wp-content\/uploads\/2015\/01\/feichtner-22.jpg'><img loading=\"lazy\" decoding=\"async\" width=\"300\" height=\"300\" src=\"http:\/\/reitstall-feichtner.de\/wp-content\/uploads\/2015\/01\/feichtner-22-300x300.jpg\" class=\"attachment-medium size-medium\" alt=\"\" srcset=\"http:\/\/reitstall-feichtner.de\/wp-content\/uploads\/2015\/01\/feichtner-22-300x300.jpg 300w, http:\/\/reitstall-feichtner.de\/wp-content\/uploads\/2015\/01\/feichtner-22-150x150.jpg 150w\" sizes=\"auto, (max-width: 300px) 100vw, 300px\" \/><\/a>\n\t\t\t<\/dt><\/dl><br style=\"clear: both\" \/>\n\t\t<\/div>\n\n<ul>\n<li>Gro\u00dfe luftige Stallgasse<\/li>\n<li>Helle Boxen (3,5 Meter x 3,5 Meter) mit fest installierter Heuraufe<\/li>\n<li>Putz- und Waschpl\u00e4tze<\/li>\n<li>Solarium<\/li>\n<li>Beheizte Sattelkammer<\/li>\n<\/ul>\n<h2>Ambiente<\/h2>\n\n\t\t<style type=\"text\/css\">\n\t\t\t#gallery-3 {\n\t\t\t\tmargin: auto;\n\t\t\t}\n\t\t\t#gallery-3 .gallery-item {\n\t\t\t\tfloat: left;\n\t\t\t\tmargin-top: 10px;\n\t\t\t\ttext-align: center;\n\t\t\t\twidth: 33%;\n\t\t\t}\n\t\t\t#gallery-3 img {\n\t\t\t\tborder: 2px solid #cfcfcf;\n\t\t\t}\n\t\t\t#gallery-3 .gallery-caption {\n\t\t\t\tmargin-left: 0;\n\t\t\t}\n\t\t\t\/* see gallery_shortcode() in wp-includes\/media.php *\/\n\t\t<\/style>\n\t\t<div id='gallery-3' class='gallery galleryid-14 gallery-columns-3 gallery-size-medium'><dl class='gallery-item'>\n\t\t\t<dt class='gallery-icon landscape'>\n\t\t\t\t<a href='http:\/\/reitstall-feichtner.de\/wp-content\/uploads\/2015\/01\/feichtner-131.jpg'><img loading=\"lazy\" decoding=\"async\" width=\"300\" height=\"300\" src=\"http:\/\/reitstall-feichtner.de\/wp-content\/uploads\/2015\/01\/feichtner-131-300x300.jpg\" class=\"attachment-medium size-medium\" alt=\"\" srcset=\"http:\/\/reitstall-feichtner.de\/wp-content\/uploads\/2015\/01\/feichtner-131-300x300.jpg 300w, http:\/\/reitstall-feichtner.de\/wp-content\/uploads\/2015\/01\/feichtner-131-150x150.jpg 150w\" sizes=\"auto, (max-width: 300px) 100vw, 300px\" \/><\/a>\n\t\t\t<\/dt><\/dl><dl class='gallery-item'>\n\t\t\t<dt class='gallery-icon landscape'>\n\t\t\t\t<a href='http:\/\/reitstall-feichtner.de\/wp-content\/uploads\/2015\/01\/feichtner-27.jpg'><img loading=\"lazy\" decoding=\"async\" width=\"300\" height=\"300\" src=\"http:\/\/reitstall-feichtner.de\/wp-content\/uploads\/2015\/01\/feichtner-27-300x300.jpg\" class=\"attachment-medium size-medium\" alt=\"\" srcset=\"http:\/\/reitstall-feichtner.de\/wp-content\/uploads\/2015\/01\/feichtner-27-300x300.jpg 300w, http:\/\/reitstall-feichtner.de\/wp-content\/uploads\/2015\/01\/feichtner-27-150x150.jpg 150w\" sizes=\"auto, (max-width: 300px) 100vw, 300px\" \/><\/a>\n\t\t\t<\/dt><\/dl>\n\t\t\t<br style='clear: both' \/>\n\t\t<\/div>\n\n<ul>\n<li>Einladendes Reiterst\u00fcberl mit Kachelofen, TV und kostenlosen WLAN<\/li>\n<li>Zahlreiche Sitzgelegenheiten im Au\u00dfenbereich<\/li>\n<\/ul>\n","protected":false},"excerpt":{"rendered":"<p>Trainingsm\u00f6glichkeiten Reithalle, Gr\u00f6\u00dfe: 20 x 60 Meter Gro\u00dfer Au\u00dfenplatz, Gr\u00f6\u00dfe: ca. 58 x 45 Meter Longierhalle mit 20 Meter Durchmesser Laufband Gute Ausreitm\u00f6glichkeiten im nahegelegenen Wald Sommerkoppeln &amp; Paddocks Stallungen Gro\u00dfe luftige Stallgasse Helle Boxen (3,5 Meter x 3,5 Meter) mit fest installierter Heuraufe Putz- und Waschpl\u00e4tze Solarium Beheizte Sattelkammer Ambiente Einladendes Reiterst\u00fcberl mit Kachelofen, [&hellip;]<\/p>\n","protected":false},"author":1,"featured_media":0,"parent":0,"menu_order":0,"comment_status":"closed","ping_status":"open","template":"","meta":{"footnotes":""},"class_list":["post-14","page","type-page","status-publish","hentry"],"_links":{"self":[{"href":"http:\/\/reitstall-feichtner.de\/index.php?rest_route=\/wp\/v2\/pages\/14","targetHints":{"allow":["GET"]}}],"collection":[{"href":"http:\/\/reitstall-feichtner.de\/index.php?rest_route=\/wp\/v2\/pages"}],"about":[{"href":"http:\/\/reitstall-feichtner.de\/index.php?rest_route=\/wp\/v2\/types\/page"}],"author":[{"embeddable":true,"href":"http:\/\/reitstall-feichtner.de\/index.php?rest_route=\/wp\/v2\/users\/1"}],"replies":[{"embeddable":true,"href":"http:\/\/reitstall-feichtner.de\/index.php?rest_route=%2Fwp%2Fv2%2Fcomments&post=14"}],"version-history":[{"count":19,"href":"http:\/\/reitstall-feichtner.de\/index.php?rest_route=\/wp\/v2\/pages\/14\/revisions"}],"predecessor-version":[{"id":500,"href":"http:\/\/reitstall-feichtner.de\/index.php?rest_route=\/wp\/v2\/pages\/14\/revisions\/500"}],"wp:attachment":[{"href":"http:\/\/reitstall-feichtner.de\/index.php?rest_route=%2Fwp%2Fv2%2Fmedia&parent=14"}],"curies":[{"name":"wp","href":"https:\/\/api.w.org\/{rel}","templated":true}]}}